)?
-1351
Let g(s) = -175*s - 20213. Calculate g(-115).
-88
Let o(m) = m**3 - 226*m**2 - 28. Calculate o(226).
-28
Let y(h) = 102*h - 10802. Give y(104).
-194
Let w(u) = -518*u**2 + 474*u + 937. Determine w(-2).
-2083
Let m(u) = -4770*u + 109598. Calculate m(23).
-112
Let i(g) = g**3 + 1541*g**2 - 21768*g. Determine i(14).
28
Let x(i) = -i**3 - 108*i**2 + 926*i - 29978. Calculate x(-118).
-6
Let w(r) = 3*r**3 + 9*r**2 - 52*r + 483. What is w(11)?
4993
Let w(t) = -3*t**3 - 699*t**2 + 4387*t + 194450. Give w(-238).
4
Let n(g) = 7*g**3 - 28*g**2 + 116*g + 39. Calculate n(4).
503
Let f(h) = 9*h**3 + 42*h**2 - 135*h - 578. Calculate f(-4).
58
Let l(x) = -104430*x - 2088607. Give l(-20).
-7
Let m(d) = d**3 + 16*d**2 + 49*d + 533. What is m(-16)?
-251
Let o(f) = f**3 - 17*f**2 - 203*f + 808. Determine o(24).
-32
Let j(k) = -k**3 - 22*k**2 - 31*k + 220. Give j(-19).
-274
Let v(h) = -4616*h + 147833. Give v(32).
121
Let n(m) = -24327*m + 9292914. What is n(382)?
0
Let h(s) = 27*s**3 - 326*s**2 + 1709*s - 20219. Calculate h(12).
1
Let u(v) = -4*v**3 + 209*v**2 + 489*v - 5994. Give u(54).
0
Let f(p) = -49*p - 729. What is f(-22)?
349
Let m(n) = 133*n**2 - 206*n - 6. Determine m(2).
114
Let j(p) = 255*p**3 + 1256*p**2 - 94*p - 38. Determine j(-5).
-43
Let u(h) = 31*h**3 - 5177*h**2 - 3*h + 1097. Give u(167).
596
Let o(z) = 864*z - 3553. Determine o(4).
-97
Let d(t) = 36*t**2 + 867*t - 6. Give d(-24).
-78
Let k(j) = -2273*j**2 - 34092*j - 5. Calculate k(-15).
-50
Let g(y) = y**3 - 107*y**2 - 473*y - 23065. What is g(113)?
100
Let y(g) = -g**2 + 68515*g + 1507766. What is y(-22)?
-48
Let b(w) = w**3 + 2*w**2 - 536*w - 2098. What is b(-4)?
14
Let y(i) = i**3 - 984*i**2 - 2222*i + 1218453. Give y(985).
8
Let u(g) = -g**3 - 60*g**2 - 803*g - 4112. Give u(-44).
244
Let p(x) = -x**2 - 82042*x + 820526. Give p(10).
6
Let s(h) = 21*h**2 - 258*h - 235. Determine s(18).
1925
Let j(f) = f**3 + 389*f**2 - 774*f + 3271. What is j(-391)?
143
Let u(b) = 1904*b**2 - 11424*b + 13. Determine u(6).
13
Let q(g) = -2495*g + 509500. Calculate q(204).
520
Let x(o) = -2*o**2 - 692*o + 13900. Determine x(19).
30
Let l(b) = 1074*b**2 + 19334*b + 1. Calculate l(-18).
-35
Let r(t) = 2698*t**2 + 358837*t + 399. Give r(-133).
0
Let l(y) = 1822*y**2 + 10953*y + 223. What is l(-6)?
97
Let u(y) = -134*y + 6840. Calculate u(51).
6
Let l(y) = y**3 - 37*y**2 + 32*y - 431. What is l(0)?
-431
Let i(o) = o**3 + 134*o**2 - 2890*o + 2625. Determine i(-153).
24
Let u(p) = -9758*p - 6057. Give u(-1).
3701
Let m(k) = 137*k**2 - 1263*k - 47. Calculate m(9).
-317
Let y(i) = 365*i**2 + 146749*i + 7641. Give y(-402).
3
Let i(y) = -2465*y + 1651543. What is i(670)?
-7
Let o(f) = -f**3 - 205*f**2 + 8132*f + 87. Give o(-239).
-1347
Let s(a) = -195*a - 5333. Calculate s(-24).
-653
Let h(c) = 2*c**2 - 633*c - 284. Give h(0).
-284
Let d(n) = n**2 + 266*n - 18009. Give d(56).
23
Let o(q) = 121041*q + 1331462. Determine o(-11).
11
Let l(g) = -1449765*g + 2899540. Give l(2).
10
Let h(b) = -840*b - 117633. Calculate h(-140).
-33
Let c(f) = -11*f**3 - 105*f**2 + 172*f - 34. What is c(-11)?
10
Let n(w) = 55519*w - 777264. Give n(14).
2
Let t(z) = 531*z + 63714. Determine t(-120).
-6
Let r(x) = 5*x**3 - 216*x**2 - 272*x + 4210. Give r(44).
-14
Let y(f) = f**2 + 346*f + 18240. What is y(-57)?
1767
Let b(l) = -l**2 - 24*l + 94. Determine b(-28).
-18
Let x(h) = -287*h**2 + 47974*h - 7520. What is x(167)?
-5
Let t(i) = -i**3 + i**2 + 1354*i - 2715. Calculate t(2).
-11
Let h(i) = -96*i - 199. What is h(-6)?
377
Let i(k) = -27328*k**2 + 82005*k - 51. Calculate i(3).
12
Let d(a) = -39*a**2 + 226*a + 604. What is d(8)?
-84
Let g(h) = -2*h**2 - 726*h - 12013. Determine g(-18).
407
Let q(p) = 50*p**2 - 6839*p + 478. Give q(137).
1985
Let r(z) = 1491*z - 97213. Give r(65).
-298
Let m(n) = 4*n**2 + 3669*n + 657527. Calculate m(-673).
6
Let m(j) = 22316*j - 3659819. Determine m(164).
5
Let a(l) = -6*l**2 - 293*l - 2505. Calculate a(-11).
-8
Let z(a) = 23030*a + 92184. What is z(-4)?
64
Let l(i) = i**3 + 56*i**2 - 166*i + 403. Determine l(-59).
-246
Let z(u) = -29*u**2 - 4242*u + 3091. What is z(-147)?
4
Let n(q) = -3089*q + 15565. Give n(5).
120
Let n(g) = 95*g**2 - 2005*g + 213. Give n(21).
3
Let m(s) = -s**3 + 2*s**2 + 5779*s - 17368. What is m(3)?
-40
Let i(u) = 7068*u - 42483. Calculate i(6).
-75
Let w(c) = c**3 - 18*c**2 + 118*c - 294. What is w(6)?
-18
Let v(m) = m**3 + 11*m**2 + 1313*m + 3878. What is v(-3)?
11
Let z(q) = 2*q**3 - 2916*q**2 + 8787*q - 82931. Determine z(1455).
4
Let y(c) = 8*c**2 - 146*c - 15. Determine y(0).
-15
Let a(s) = -263*s**2 + 1116*s - 284. Determine a(4).
-28
Let d(x) = 250*x**2 - 14500*x + 45. Give d(58).
45
Let p(c) = -169231*c + 1523120. Give p(9).
41
Let b(n) = 149*n - 6700. What is b(50)?
750
Let w(q) = 3*q**3 + 6265*q**2 - 10451*q - 2088. What is w(-2090)?
2
Let g(d) = -d**3 - 28*d**2 + 177*d + 2524. Give g(-31).
-80
Let c(s) = 44*s**2 - 6*s - 79. Give c(4).
601
Let r(m) = m**3 - 172*m**2 - 871*m - 2022. What is r(177)?
456
Let t(p) = -146797*p - 16881677. Give t(-115).
-22
Let a(y) = -33*y**2 - 11204*y + 5447. Give a(-340).
7
Let z(g) = g**2 + 3752*g - 33838. Calculate z(9).
11
Let r(l) = -l**3 + 86*l**2 - 1003*l - 356. Determine r(72).
4
Let c(a) = 20*a**2 + 14058*a - 57962. Calculate c(-707).
12
Let t(f) = -279*f**2 + 290*f - 49. Give t(2).
-585
Let r(m) = -5689*m + 67186. Calculate r(12).
-1082
Let p(x) = x**3 - 21*x**2 + 94*x - 7. Calculate p(15).
53
Let t(p) = -2138*p + 17371. Determine t(8).
267
Let g(r) = -6*r**3 - 663*r**2 + 3130*r + 2860. Give g(-115).
-15
Let n(l) = -180*l + 33125. Give n(183).
185
Let h(v) = -6967*v - 41728. Calculate h(-6).
74
Let j(r) = 1380*r**2 + 110414*r + 1116. Give j(-80).
-4
Let a(n) = n**2 - n - 599. Give a(-18).
-257
Let s(g) = -8*g**2 - 3394*g + 100376. Give s(-452).
32
Let g(x) = -3*x**2 - 100*x + 285. Give g(4).
-163
Let i(t) = t**3 - 5*t**2 - 502*t + 1540. Determine i(3).
16
Let u(v) = 527*v**2 + 6310*v + 18935. What is u(-3)?
4748
Let p(q) = 5*q**2 - 1593*q - 611. Calculate p(319).
27
Let b(q) = -7276*q - 94582. Determine b(-13).
6
Let x(h) = h**3 - 1776*h**2 + 130827*h + 109. Give x(77).
417
Let u(n) = 311*n - 76525. Give u(256).
3091
Let b(s) = 14682*s - 15163. Give b(1).
-481
Let c(v) = -v**2 - 3781*v - 67643. Calculate c(-18).
91
Let c(r) = 1909*r + 24924. What is c(-13)?
107
Let n(j) = -14*j + 2233. Calculate n(92).
945
Let w(n) = 5*n**3 - 660*n**2 + 2*n - 230. Give w(132).
34
Let m(p) = -p**3 - 3*p**2 + 83*p + 1307. Calculate m(-13).
1918
Let s(v) = 3*v**3 - 583*v**2 + 5704*v + 21. Determine s(184).
21
Let r(c) = -12*c**2 + 869*c + 3271. Give r(76).
3
Let k(t) = -204*t**2 + 2272*t + 130. Give k(11).
438
Let f(l) = l**3 + 8*l**2 - 8*l - 18. Give f(5).
267
Let p(a) = -a**2 + 14458*a - 1250246. Calculate p(87).
31
Let r(o) = o**3 - 8*o**2 - 64. Determine r(8).
-64
Let y(o) = -22311*o + 133861. Give y(6).
-5
Let o(s) = 55*s**3 - 437*s**2 - 25*s + 20. Give o(8).
12
Let x(a) = -11420*a + 4088352. What is x(358)?
-8
Let c(o) = -52*o + 964. Give c(44).
-1324
Let z(l) = l**3 + 55*l**2 + 498*l + 85. What is z(-43)?
859
Let q(p) = -206*p - 366. Give q(-2).
46
Let z(h) = 11*h**3 + 13*h**2 + 20237*h - 20250. Give z(1).
11
Let n(z) = 29*z**2 - 804*z + 535. What is n(27)?
-32
Let n(q) = -2048*q - 696315. Calculate n(-340).
5
Let a(i) = 2*i**3 - 170*i**2 - 320*i + 1046. Calculate a(87).
3482
Let m(b) = -2*b**3 - 5*b**2 + 414*b - 2726. Calculate m(7).
-759
Let b(u) = 445*u - 14602. Determine b(31).
-807
Let i(k) = k**3 - 5*k**2 - 41*k + 275. Determine i(9).
230
Let t(l) = 3311*l + 122492. Determine t(-37).
-15
Let c(o) = -o**3 - 11*o**2 - 2937*o - 51659. What is c(-17)?
4
Let m(r) = 4*r**2 - 474*r + 4090. What is m(107)?
-832
Let r(y) = -633*y + 50654. Determine r(80).
14
Let w(p) = -2013*p + 165059. Give w(82).
-7
Let w(j) = 259*j + 14307. Determine w(-57).
-456
Let i(u) = 39885*u - 438728. Determine i(11).
7
Let t(z) = 41*z**2 + 3590*z - 79. Give t(-88).
1505
Let v(u) = -32*u**2 + 1950*u - 30. Determine v(61).
-152
Let p(k) = 4*k**3 + 178*k**2 - 54*k + 1609. What is p(-45)?
-11
Let g(b) = 132745*b + 23230362. What is g(-175)?
-13
Let y(m) = m**2 + 1370*m + 454326. Determine y(-563).
-15
Let p(a) = -18*a**2 - 1108*a - 3246. Give p(-58).
466
Let i(r) = 